
Let u = 221 - -47. Suppose g - u = -3*g. Suppose -g - 105 = -4*d. List the prime factors of d.
43
Let a = 450 + 33. What are the prime factors of a?
3, 7, 23
Let v(k) = -k + 7. Let s be v(13). Let t(x) = -14*x**2 + 4*x + 5. Let u(p) = 28*p**2 - 9*p - 11. Let z(r) = s*u(r) - 13*t(r). List the prime factors of z(-1).
13
Let w(h) = h + 5. Let i be w(0). Let g be 1 + -1 - (-5 + i). Suppose 5*s - 75 = -5*q, g*s + q = 2*s - 33. List the prime factors of s.
2
Let o be (0 + -1 - 656)*-1. Suppose o = 8*s + s. What are the prime factors of s?
73
Let r(g) = 31*g**3 - g**2 + g - 1. Let u(n) = -2*n**3 - n**2 + n + 1. Let y be u(-1). What are the prime factors of r(y)?
2, 3, 5
Let q(v) be the second derivative of -53*v**3/3 - v**2/2 + 4*v. Let h be q(-3). Suppose -4*x - 35 + 277 = 5*o, -o = -5*x + h. List the prime factors of x.
3, 7
Let h = -243 - -308. What are the prime factors of h?
5, 13
Let d(v) = -4*v**3 - 4*v**2 - v + 3. Let t = -14 - -13. Let h be (-3 + 5)*1/t. List the prime factors of d(h).
3, 7
Let b be 1 - 3 - (33 - 0). Let h be (4 + 160/b)*-7. Suppose h = -4*i, -5*l - 5*i - 6 + 136 = 0. What are the prime factors of l?
3
Let s(j) = -4*j + 6. Let c be s(1). What are the prime factors of (-1)/((-28)/132) - c/(-7)?
5
Let i = 195 - -40. What are the prime factors of i?
5, 47
Let q be 8/36 + (-194)/(-18). Let k = 8 + q. List the prime factors of k.
19
Let w(c) = 2*c - 5. Let m be w(6). Suppose 524 = -m*a + 1434. List the prime factors of a.
2, 5, 13
Let r(p) = p**3 - 8*p**2 - 5*p + 4. Let o be r(9). Suppose u - 5*w = o, -2*u + 108 = -0*u - 3*w. What are the prime factors of u?
2, 3, 5
Let n(d) = d**2 + d - 1. Let z be n(1). Let k(q) = q - 12. Let h be k(15). List the prime factors of h/z + -2 + 45.
2, 23
Let x = 55 + -57. List the prime factors of (-2)/x + (-1390)/(-10).
2, 5, 7
Suppose 2*m + 0*y - 2*y - 524 = 0, 2 = -y. What are the prime factors of m?
2, 5, 13
Suppose 0 = -0*l - 7*l + 7. List the prime factors of l - 3 - 11/(44/(-360)).
2, 11
Suppose 1 = 3*f + 2*d, -10 - 3 = -3*f + d. Suppose 0*o = 5*n + o - 533, 0 = -f*o - 6. What are the prime factors of n?
107
List the prime factors of 280/50*(-365)/(-2).
2, 7, 73
Let c = -58 + 89. Let k = c - 26. Suppose -199 = -k*o + 6*f - 2*f, -4*o + 5*f + 161 = 0. What are the prime factors of o?
3, 13
Let s = -616 - -1274. What are the prime factors of s?
2, 7, 47
Suppose 0 = 12*l - 8*l + 40. Let p(z) = 15*z. Let v be p(1). What are the prime factors of l*3*(-5)/v?
2, 5
Let f(o) = -3*o + 14. List the prime factors of f(-5).
29
Let v(d) = -2*d**3 - 18*d**2 + 1. Suppose 3*l = -10 - 17. Let w be v(l). Let b(m) = 10*m**2 + m. What are the prime factors of b(w)?
11
Let j = 636 - 198. Let v = j - 252. List the prime factors of v.
2, 3, 31
Let n(m) = -m**2 - 26*m + 23. Let k be n(-19). Suppose 0 = d - 2*d + k. What are the prime factors of d?
2, 3, 13
Suppose -3*j + 11 = -2*b, -2*j = -0*j + 5*b + 18. What are the prime factors of 980/42*1/(j/3)?
2, 5, 7
Suppose 0 + 40 = -2*m. Suppose -139 = -3*t - 2*r, 8*t - 4*t - 192 = -4*r. Let h = m + t. List the prime factors of h.
23
Suppose 0 = -3*k + 4*k - 3. Suppose -k*r = 2*n - 14, 0*r - 28 = -4*n - 2*r. List the prime factors of n.
7
Let i = -4 - -12. What are the prime factors of (-7566)/(-104) - -1*2/i?
73
Let z(i) = i**3 - 15*i**2 + 5*i + 11. Suppose 5*k - 2*d - 54 = k, -2*k + 24 = -2*d. List the prime factors of z(k).
2, 43
Let c = -73 - -70. List the prime factors of (c + -1)/((-755)/(-190) - 4).
2, 19
Let l(m) = -m - 1. Let q(a) = 5*a + 19. Let n(r) = 4*l(r) + q(r). List the prime factors of n(-4).
11
Let x = 2 + -6. Let i = x + 0. What are the prime factors of (2/i)/(12/(-1176))?
7
Let j be (-276)/(-9) + (-10)/15. Suppose 4*y - j = 50. What are the prime factors of y?
2, 5
Let d(a) = -a**2 + 12*a - 11. Let z be d(6). Suppose 57 + z = l. List the prime factors of l.
2, 41
Let r = -1398 - -4895. List the prime factors of r.
13, 269
Let g = -438 - -1936. List the prime factors of g.
2, 7, 107
Let v(w) = w**2 - 2*w - 26. List the prime factors of v(13).
3, 13
Let c(j) = 19*j - 26. List the prime factors of c(9).
5, 29
Suppose 10 = -3*m + 8*m. Suppose 10 = 7*n - m*n. List the prime factors of n.
2
Let u be 1/(-4) - 14/8. What are the prime factors of -7 + (1 - u) - -79?
3, 5
Let h be 4 + (-475)/(2 - 3). Suppose h = 12*c - 865. What are the prime factors of c?
2, 7
Let s(p) = p**3 - 15*p**2 - 35*p + 41. What are the prime factors of s(18)?
383
Let s = -594 + 999. List the prime factors of s.
3, 5
Let r(q) = 2*q**2 - q - 4. Let d be r(2). Let c(z) = -8*z - z**2 + z**3 - 1 + 11*z - 9*z**d. List the prime factors of c(10).
29
What are the prime factors of (-341549)/(-215) - 2/(-5)?
7, 227
Suppose b = -0*b - 3*c + 133, 0 = -5*c + 5. Suppose -6*p - 28 = -b. What are the prime factors of 462/119 - (-2)/p?
2
Let b(s) = 10*s**2 - 7*s - 26. Let a be b(-7). Let y = a + -296. List the prime factors of y.
7, 31
Suppose -p - 75 = -219. Let f be (13/(-2))/(7/84). Let y = f + p. What are the prime factors of y?
2, 3, 11
Suppose 5*t = -v + 6*t + 2444, 4*t - 7325 = -3*v. What are the prime factors of v?
7, 349
Suppose -5*w - 4*s - 281 = -1053, 453 = 3*w - s. What are the prime factors of w?
2, 19
Let a(p) = -2*p + 1. Let u be a(-1). Suppose -21 = 13*x + 18. What are the prime factors of (u/1)/(x/(-38))?
2, 19
List the prime factors of ((-6)/4)/(93/(-54746)).
883
Let v(g) be the first derivative of g**4/4 + 3*g**3 - 7*g**2/2 - 8*g - 3. Let r be v(-10). Let a = -15 - r. What are the prime factors of a?
23
Let b = 72 + -74. List the prime factors of (0 - 295/(-10)) + (-3)/b.
31
Suppose 157 + 9 = -2*u. Let a = -54 - u. Let r = a + -6. List the prime factors of r.
23
Let k = 5 + 6. Suppose -6*d = -k*d. Suppose w - 5*g - 25 = -d*w, -4*g - 41 = -5*w. List the prime factors of w.
5
Let s = 5 + -1. Suppose -s*a + a = 15. Let o(m) = -m + 1. What are the prime factors of o(a)?
2, 3
Let s(v) = -2*v**3 + 3*v + 1. Let q be s(-2). Let l = 33 - q. Suppose -4*p - 3*h + l = -33, 0 = -p - 4*h + 17. List the prime factors of p.
13
Let a(n) = 2*n**2 + 7*n + 5. Let q be a(-3). Suppose -2*g - x = -291, -q*g + x + 174 = -123. List the prime factors of g.
3, 7
Let t(n) = 7*n - 2. Let b(v) = 4*v - 1. Let a(c) = -11*b(c) + 6*t(c). Let j(i) = -i - 2. Let f(r) = 2*a(r) - 3*j(r). List the prime factors of f(0).
2
Let c(z) = 7*z - 24. Let m(f) = f. Let q(p) = -c(p) + 6*m(p). What are the prime factors of q(-5)?
29
Let x(b) = 379*b**2 + b - 8. What are the prime factors of x(2)?
2, 5, 151
Suppose -6*c + 2*c = 4*y - 2772, 2*y + 1382 = 2*c. What are the prime factors of c?
2, 173
List the prime factors of (23 - 24)/(2 + 9020/(-4508)).
7, 23
Let l(j) be the second derivative of j**4/12 - 2*j**3/3 + 49*j**2 + 22*j. List the prime factors of l(0).
2, 7
Suppose y + 1174 = 4*q + 3*y, -5*y + 15 = 0. What are the prime factors of (-2 + 3)*q*8/16?
2, 73
Let r(w) = -8*w**2 + 618. List the prime factors of r(0).
2, 3, 103
Suppose -18*j - 3911 = -23*j - x, -x + 3129 = 4*j. List the prime factors of j.
2, 17, 23
Let n(w) = -w**2 - 6*w + 6. Let t be n(-6). Let a(l) = 8*l**2 - 2*l + l - t*l - 2 - 2 - l**3. List the prime factors of a(6).
2, 13
Let a be -12 - -8 - (-5 + 1). Suppose -2*q + 127 = -m - 7, 2*q - 2*m - 134 = a. List the prime factors of q.
67
What are the prime factors of (195/(-26))/(12/(-464))?
2, 5, 29
Suppose g - 1 = -6. Let c be g - -7 - (1 + -6). Let z(s) = s**3 - 6*s**2 - 5*s + 1. What are the prime factors of z(c)?
3, 5
Let m(b) = -b**2 - 3*b + 1. Let v be m(-3). Let s(n) = -8*n + 23. Let a be s(5). Let p = v - a. What are the prime factors of p?
2, 3
Let v = -32 - -35. What are the prime factors of 4 - v - (-32)/1?
3, 11
Suppose 8848 = 4*b + 251*f - 256*f, 4*f + 6636 = 3*b. List the prime factors of b.
2, 7, 79
Suppose -37*v + 16830 = -34045. What are the prime factors of v?
5, 11
Suppose 7*x = 4*x + 15. Suppose 0 = z + 1 - x. Suppose -i - z*i - 3*y + 60 = 0, 0 = i + 3*y - 12. What are the prime factors of i?
2, 3
Suppose 4*v = v + 15. Suppose t + 11 = 2*t - 3*l, 3*t = v*l + 37. Suppose 4*w = 3*p - 46 + t, 0 = p + 3*w - 28. List the prime factors of p.
2
Let k be -4 + 20 + -5 + -5. Suppose -5*f + 465 = 3*w, 9*f - k*f - 298 = 2*w. List the prime factors of f.
2, 3
Suppose 0 = -2*i - q - 11, -i - 2*q = -4*q 